pose 3*b - 2*p + 65 = 0, -5*b + 4*p - 73 = -2*b. Let k = b + 19. Suppose 0 = -2*u - k*u + 1478. Is u composite?
False
Suppose -3*j + 5*j = 20. Let v(k) be the third derivative of 5*k**4/8 - 5*k**3/6 + 14*k**2. Is v(j) a composite number?
True
Suppose -2*t = 4*q - 2438, -2*t + 0*q = -3*q - 2403. Let o = t - 288. Is o composite?
True
Suppose -m = -1578 - 1829. Is m a prime number?
True
Suppose 0 = -3*b - 6, b = -0*m + 2*m - 1282. Suppose 2*q - 66 = m. Is q composite?
False
Suppose 5*d = -4*b + 23, 5*d - 8 = -2*b + 11. Suppose 0 = -b*j - i + 1364 - 103, -2*j = 4*i - 1246. Is j prime?
False
Suppose 7*g = -g + 2008. Suppose 0 = -h - 0*h - 5*b + g, b + 502 = 2*h. Is h prime?
True
Let h(f) = -14*f**3 - 14*f**2 + 11*f - 489. Let k(d) = 5*d**3 + 5*d**2 - 4*d + 163. Let j be (2 + 2)*22/(-8). Let s(q) = j*k(q) - 4*h(q). Is s(0) prime?
True
Let w be 0 + (3 - 0 - 3). Suppose j + 3*i = -j + 1, i + 1 = w. Suppose -5 = 3*v + 4*a - 63, -27 = -j*v - 5*a. Is v a prime number?
False
Suppose 5*o + 2 = 6*o. Suppose 2*h - 838 = 5*w, o*w + 3*w = -20. Is h a prime number?
True
Let d(f) be the third derivative of -f**5/60 - f**4/24 + 3*f**3 + 13*f**2. Let w be d(5). Is (-9058)/w + (-4)/(-24) a prime number?
False
Suppose 3*m - 2199 = -4*k, 3*k + 2*m + 2*m = 1644. Suppose 6*w = 2166 - k. Is w a composite number?
False
Suppose 0 = -5*g + 5*a - 45, -a + 3*a = 6. Is (-9)/((-162)/7410) - (-4)/g composite?
True
Suppose 5*v + 2*h = 2427, -v = -6*v + 3*h + 2422. Is v prime?
False
Suppose 17*z - 18*z + 2510 = -3*p, 5*z - 12563 = 2*p. Is z a prime number?
False
Let g = 303 + 648. Let x = 2362 - g. Is x prime?
False
Let u be ((-12)/(-10))/((-14)/(-1015)). Let z = u - -396. Suppose o - z = -2*o. Is o a prime number?
False
Is 3*(0 + -4 - 843/(-9)) composite?
False
Let t(c) = 4*c**2 + c. Let z be t(1). Suppose 1975 = z*y + 4*n, -5*y + 1991 = 5*n + 16. Is y a composite number?
True
Is 426 + 41 - (0 - 0) a prime number?
True
Let x(q) be the second derivative of 2*q**3/3 + 13*q**2/2 + 7*q. Let u be x(-6). Let c(s) = 2*s**2 + 10*s + 7. Is c(u) a composite number?
False
Suppose -41*h = -40*h + 5*v - 49878, 2*h = 5*v + 99681. Is h composite?
False
Let x be ((-48)/18)/((-2)/(-27)). Let n = x - -9. Let t = n + 96. Is t composite?
True
Suppose 2*a - f - 17 = 0, 2*a - f - 8 = a. Suppose 59 - a = -5*i. Is (331/(-5))/(2/i) composite?
False
Let i(w) = -2*w**2 - 23 + 3*w**2 - 11*w + 0*w - 4. Let c be i(13). Is (c + 5)/((-2)/(-71)) a composite number?
True
Let b = -69 + 72. Suppose -b*a - 7 = 5, 4*n - a - 600 = 0. Is n a composite number?
False
Suppose -8*z = 4*l - 3*z + 36, 4 = -5*l + 4*z. Suppose v = -0*v - 1. Is (l - v) + 48*2 prime?
False
Let f(s) = s**3 - 5*s**2 + 6*s - 3. Let n be f(4). Let x = 3 - n. Is (2/4)/(x/(-492)) a composite number?
True
Suppose -5*w + 9*b = 12*b - 11586, 9288 = 4*w - 4*b. Is w a prime number?
False
Let o be 3/5 - (4 - (-117012)/(-30)). Suppose -7*u + 4*u = -o. Is u a prime number?
False
Let g be 6*(-3 - (-7)/2). Suppose -4*v + 7*d - 4*d = -3583, 5*v - 4445 = -g*d. Suppose 2*s - 110 = v. Is s a composite number?
True
Suppose 68*p = 81*p - 196235. Is p a prime number?
False
Suppose -2*g + 4*t = -46, -5*g + 0*t + 160 = 5*t. Suppose 2348 = -g*i + 33*i. Is i a prime number?
True
Let f(q) = 6*q**2 + 7*q + 4. Is f(-15) composite?
False
Let q be ((-2)/4)/(1/(-160)). Let g = q - -3185. Is g composite?
True
Suppose 6*s + 33622 = 231580. Is s composite?
False
Suppose 5*a - 2*p - 26 = 0, 3*a - p - 8 - 7 = 0. Suppose -3*o + 3 = -3*g, -4*g + 7 = o - a. Suppose -y + i + 385 = -i, 2*y + g*i - 746 = 0. Is y a prime number?
False
Let m(n) = -25*n**2 - 52*n + 1. Let p(z) = 17*z**2 + 35*z - 1. Let u(r) = -5*m(r) - 7*p(r). Is u(-11) a prime number?
True
Suppose 0 = -2*b + 1 - 21. Let f = b + 15. Suppose 0*u = f*u - 105. Is u composite?
True
Let m = -3 + 8. Suppose 0*r + 5*s - 4910 = -m*r, 4*s + 4865 = 5*r. Is r prime?
True
Let s = -263 - -117. Let y = 743 - s. Is y prime?
False
Let l(y) be the second derivative of -7*y**5/20 - 3*y**4/4 - 7*y**3/3 - y**2/2 + 28*y. Is l(-5) a prime number?
True
Let y be 2/(-4) - (-22)/4. Suppose -2*w + t = 2*t - 1042, -3*w + y*t = -1563. Is w composite?
False
Suppose 4*o - w = 9*o - 9222, 3*o = -w + 5534. Let d = o - 1137. Is d composite?
True
Let d = 413 - 282. Is d a prime number?
True
Suppose 9*f = 302518 + 122345. Is f a composite number?
False
Let h = -12 - -7. Let b = h + 36. Is 3 + -2 + b + 1 a prime number?
False
Let a = -12 + 23. Let m(g) = -7*g**3 + 14*g**2 + a*g + 0*g**3 - 13 + 8*g**3. Is m(-13) prime?
True
Suppose 0 = 11*h - 49993 + 6114. Is h a composite number?
False
Let r be (-2*1)/(14/(-20293)). Suppose z = 3*f - 2247 + 502, r = 5*f - 4*z. Is f prime?
False
Let w(g) be the first derivative of -13/3*g**3 - 17*g - 1/4*g**4 + 4 - 15/2*g**2. Is w(-12) a composite number?
False
Let d(p) = -1744*p - 689. Is d(-7) a composite number?
False
Suppose -998 = 2*l - l. Let y = l - -1957. Is y prime?
False
Let j(w) = w**3 + 3*w**2 + 5. Let a be j(6). Let b = 700 - a. Is b prime?
False
Let n(j) = -6*j + 3*j**3 + 7*j**2 - 6 - j**3 + 3*j**2 - j**3. Let g = 21 + -30. Is n(g) composite?
True
Suppose 0 = -15*l + 6*l - 369. Let z = 55 + l. Is z composite?
True
Let w = -8878 + 13589. Is w prime?
False
Suppose -3*p + 2 = -4. Suppose 4*o + s = 131, -p*o - s = -0*s - 65. Suppose v = 2*v - o. Is v a prime number?
False
Let b(n) = -n**3 - 23*n**2 - 17*n - 12. Let m be b(-23). Suppose -203 = -p - 4*o, 0 = -2*p + o - 0*o + m. Is p composite?
False
Let k(y) = -11*y + 1. Let u be k(-1). Suppose 2*h = 5*h - u. Suppose -2*n + 118 = h*b - 202, 2*n + 254 = 3*b. Is b composite?
True
Let o(b) = b + 8. Let t be o(-12). Let g be (-40)/t - 3 - -1. Suppose -r - 25 = -j + g, 8 = -4*r. Is j composite?
False
Let x(f) = f**2 + 2*f + 6. Let s be x(-6). Suppose 5*q + s = 5*w, 4*w = -3*q + 1 - 5. Suppose -30 + 132 = w*r. Is r prime?
False
Suppose -53*f - 3213093 = -92*f. Is f prime?
True
Let u(m) = -109*m**3 + 2*m**2 - 2. Is u(-3) composite?
True
Let c(n) = n**3 + 3*n**2 - 3*n - 3. Let q be c(-2). Let m be (-2)/q*(-19 + 5). Is 17*m + (-4 - -3) a composite number?
False
Is 25531 + (-1 - 5) + -2 a composite number?
False
Suppose 14*d + 90 = -4*d. Let p be (1/2)/(2/(-204)). Is p/(-3)*(-145)/d a composite number?
True
Let t be 274*10/12*(10 - 7). Suppose 722 = y + 3*r, -3*y + t = r - 1513. Is y composite?
True
Let x(f) = 2*f**3 - 9*f**2 - 3*f - 29. Is x(21) a composite number?
False
Let f = 15 + 23. Suppose 5*s + 267 = 3*r, -2*s + 138 - f = r. Is r a prime number?
False
Let x = 2 - 2. Let r = 59 - 57. Suppose x = -r*a + 5*a - 435. Is a a composite number?
True
Let r = 9 - 0. Let z(y) be the second derivative of -y**5/20 + 2*y**4/3 + 7*y**3/3 - 3*y**2 + 97*y. Is z(r) a composite number?
True
Let z(x) = 3*x**2 - 9*x - 24. Let f be z(-2). Let m(k) = 2*k**3 + 4*k**2 - 2. Let j(n) = -5*n**3 - 12*n**2 + 6. Let c(b) = 3*j(b) + 8*m(b). Is c(f) prime?
False
Suppose -8763 = -3*t - 0*t. Let d = -978 + t. Is d prime?
False
Let d(z) be the second derivative of -99*z**5/2 + z**4/12 - z**3/3 - z**2 - z. Is d(-1) prime?
True
Let a = -20 - -22. Is (-4 + 2628/8)*a/1 composite?
True
Suppose 2*l + 0*j - 2031 = 5*j, 3*l - 3*j = 3033. Is -1 - (0 - l)/4 prime?
True
Let o = 595 + 74. Suppose -5*j = -5*c - 17110, -2*j - 5*c + 0*c = -6858. Suppose -5*t + j - o = 0. Is t a composite number?
True
Suppose -4*f + 3*n = f - 34, 31 = 5*f - 2*n. Suppose f*p - 4*b = 654, -p + 390 = 2*p - 3*b. Is p prime?
False
Is (-4 - 26787/9)/(2/(-6)) composite?
False
Let q = 10151 - 7072. Is q prime?
True
Suppose -4*m + 5*m = 7313. Is m prime?
False
Let l(y) = -1525*y - 6. Is l(-3) a composite number?
True
Suppose -y - p = -0*p - 9, 3*y = 4*p - 1. Suppose 743 = y*f - 542. Is f a composite number?
False
Let z be ((-8)/(-6))/(10/885). Let i be (-34)/(-6) + (-1)/(-3). Suppose -4*q = -z - i. Is q prime?
True
Let h be ((-21)/(-35))/(2/10). Suppose 1923 = -h*f + 165. Let c = -324 - f. Is c a prime number?
False
Suppose 3*v - 2*v = 5. Suppose -w + 5*w - 476 = 5*o, -3*w = -v*o - 357. Is w composite?
True
Let v(a) be the first derivative of -39*a**2 - 37*a - 16. Is v(-20) a composite number?
False
Suppose -1 = -n + 4. Suppose -556 - 326 = -3*p + 4*d, -2*p + 581 = -n*d. Is p a composite number?
True
Let r(w) = 4*w - 31. Let h be r(9). Let t(f